 o.
5, 11
What are the prime factors of (2 + -11)/(2/(-6))?
3
Let n(k) = 60*k + 1. What are the prime factors of n(1)?
61
Let b = 15 + -11. List the prime factors of b.
2
Let k(b) = b**2 + 7*b + 2. Let s be k(-7). Suppose s*n = 20 + 46. Suppose 4*m + 5*z = z + 12, -n = -4*m + 3*z. List the prime factors of m.
2, 3
Let w = 184 + -116. List the prime factors of w.
2, 17
Let f(i) = 5*i**2 + 2*i. List the prime factors of f(-2).
2
Let p(i) = -i**2 - 2*i - 1. Let j be p(-2). Let n be 0/(1 + j + 1). Let m = n + 11. What are the prime factors of m?
11
Suppose -3*s - 83 = -2*k, k = 3*k + 3*s - 89. What are the prime factors of k?
43
Let b = -543 + 787. What are the prime factors of b?
2, 61
Suppose 137*t - 140*t + 600 = 0. What are the prime factors of t?
2, 5
Let t(q) = -6*q**3 - 5*q**2 - 6*q. List the prime factors of t(-3).
3, 5
Let q be (3/(-5))/((-1)/(-5)). Let c be (q/2)/(2/12). Let d(i) = -i**2 - 9*i + 13. What are the prime factors of d(c)?
13
Let n(m) = 5*m**2 + m - 2. Let v be n(-3). What are the prime factors of v/2 - (7 + -4)?
17
Let t = -5 + 5. Let m(b) = -b**2 + 5. Let i be m(t). Suppose i*x - g - 2*g = 5, 3*x - 37 = -5*g. List the prime factors of x.
2
Suppose -2*v + 5*i + 62 = 0, 5*i - 6 = -v + 25. Suppose -4*q = -21 - v. Let f = 1 + q. What are the prime factors of f?
2, 7
Let m(s) be the first derivative of 2*s**3/3 - 9*s**2/2 + 1. List the prime factors of m(8).
2, 7
Let f be 0/(((-2)/1)/2). Suppose f = 2*b - 6*b + 64. List the prime factors of b.
2
Let m(j) = j**3 + 9*j**2 - 6*j - 10. Let k be m(-8). Suppose -p - 76 = -3*o + 4*p, 0 = -5*o - 4*p + k. List the prime factors of o.
2, 11
Suppose 11 = p - 6. Suppose 0 = 3*k - 25 - p. Let u = 28 - k. List the prime factors of u.
2, 7
Let x(g) = 13*g - 6. Let q(z) = 4*z - 2. Let b(k) = 17*q(k) - 6*x(k). What are the prime factors of b(-3)?
2
Let i be 3/((-10)/8 - -1). Let w = 16 + i. List the prime factors of w.
2
Let a = -5 - -5. Suppose a*s + 2*s = 30. List the prime factors of s.
3, 5
Suppose -t + 27 = 5*d, 3*t - 5*d + 34 = 5*t. List the prime factors of t.
7
Let s(j) = -4*j - 1. Let b(o) = -o + 1. Let c(t) = -6*b(t) + s(t). What are the prime factors of c(10)?
13
Suppose -25 = 3*o + 5*a, -3*o - 1 = -5*a - 26. Suppose -12 = -y - y + 4*z, y + 4*z = o. List the prime factors of y.
2
Let c(p) = 10*p**2 - 5*p - 1. List the prime factors of c(-3).
2, 13
List the prime factors of (-36)/(-3) - (5 - 4).
11
Let t be (1 - (-15)/(-9))*-3. Suppose 0 = t*p - 4. Let i = p - -1. List the prime factors of i.
3
Let j = -11 - -18. Let p(c) = -c**2 + 10*c - 1. Let z be p(j). What are the prime factors of ((-50)/z)/((-1)/4)?
2, 5
Let u(i) be the second derivative of i**3/6 + 15*i**2/2 + i. Suppose -7 = -2*g - 21. List the prime factors of u(g).
2
Let m = 5 - 2. Suppose m*c = 2*c + 2. List the prime factors of c.
2
Suppose -2*q = a + q - 65, -a = -q - 53. What are the prime factors of a?
2, 7
Let i = -4 - -25. What are the prime factors of i?
3, 7
Suppose -2*l = r - 73, -4*l + 112 = -r - 37. Suppose 5*o - 13 = l. What are the prime factors of o?
2, 5
Let r be 1/((-2)/(-4))*2. Suppose -2*o = -r*s - 48 + 8, -3*o + 59 = -5*s. Let q = o - 6. What are the prime factors of q?
2, 3
Suppose 14*g - 12*g = 222. List the prime factors of g.
3, 37
Suppose 29*g + 40 = 33*g. List the prime factors of g.
2, 5
Let b = 37 + 62. Suppose -5*w + 31 = -b. List the prime factors of w.
2, 13
Let i = -34 + 83. What are the prime factors of i?
7
Let s = -44 + 64. Let o = -17 + s. List the prime factors of o.
3
Let p be 5 - -45 - 6/(-2). Suppose 2*b + d - 48 = -2*b, -5*d = 3*b - p. List the prime factors of b.
11
Let y(t) = -6*t - 7. Let w be y(-7). Let b(f) = -3*f**2 + 2*f - 2. Let p be b(3). Let r = p + w. List the prime factors of r.
2, 3
What are the prime factors of ((-788)/(-8) - -2)*6/9?
67
Let l(x) = x + 31. List the prime factors of l(-17).
2, 7
Let g(v) be the first derivative of 2*v**3/3 - 2*v**2 - 2. What are the prime factors of g(3)?
2, 3
Suppose m - 114 - 5 = 0. List the prime factors of m.
7, 17
Let c(n) = -3 + 6*n - 2 + 2 + 2. Let q be c(1). Suppose -d + 33 = 4*a - 2*a, 4*a - 81 = -q*d. What are the prime factors of a?
2, 7
Let v(x) = x**2 + 8. Let n(h) = h - 8. Let t be n(8). Let q be v(t). Suppose -2*j - 5*i + 1 + 15 = 0, -2*i = q. List the prime factors of j.
2, 3
Let f(b) be the third derivative of 3*b**2 + 0 + 1/60*b**5 + 1/3*b**3 + 1/24*b**4 + 0*b. List the prime factors of f(-3).
2
Suppose 10 = 4*n + 3*j + 3, 4*n - 3*j = 25. Let c(y) = y**3 - 3*y**2 - 2*y + 2. What are the prime factors of c(n)?
2, 5
What are the prime factors of ((-12)/(-14))/(1/7)?
2, 3
Suppose 4*w - 88 = -2*b - 2*b, 0 = -3*w - b + 60. Suppose -3*a - 5*v = -w, a - 5 = -v - 0. List the prime factors of a.
3
Suppose p + 3*c = 10 + 18, 204 = 5*p - c. Suppose -12 = -3*j, p = 4*f - j - 0*j. List the prime factors of f.
11
Suppose 0 = 3*i + 5*u - 20, 2*u + 1 - 9 = 5*i. Let y = i - -4. What are the prime factors of y?
2
Let r be 4/6 + (-28)/(-12). Let s be (2 - 3)/(r/(-6)). Suppose 5 - 1 = s*b. List the prime factors of b.
2
Suppose -5*b = o + 7, 5*o + 3*b = -b + 7. Suppose 0 = -o*q + 19 + 14. List the prime factors of q.
11
Suppose -3*y - 36 = -0*y. Let w = -10 - y. Suppose -3*o - w = -47. What are the prime factors of o?
3, 5
Let b(x) be the second derivative of -x - 1/6*x**3 - 1/2*x**2 + 0. List the prime factors of b(-3).
2
Let a = -1 + 5. Suppose -a*l + 4 = -16. Suppose z = l*z - 36. What are the prime factors of z?
3
Suppose 0 = -3*b + 6*b - 48. What are the prime factors of b?
2
Suppose -2*a - y + 11 = 0, 3*a - 5*y + y = 0. Suppose c - 3*c + 5*k = -76, 5*k = 20. Suppose -a*u + c = 20. What are the prime factors of u?
7
Suppose -14 = -2*r + 5*z + 63, -5*r = -z - 158. List the prime factors of r.
31
Let x(m) = -m**2 - 4*m + 7. Let f be x(-5). Let v(b) = b**3 + b + 15. Let t be v(0). Suppose -t = -f*y + q, -y = -3*q - 5 - 0. What are the prime factors of y?
2
Suppose -4*v = -2*v - 54. Suppose 0 = -f - 2*f + v. List the prime factors of f.
3
Let c be (-5)/8*-2*36. Let o = 15 + c. Suppose 2*t - 7*t + o = 0. What are the prime factors of t?
2, 3
Let v be -1 - (-12)/(-1 + 5). Suppose v*o + 100 = 3*c, o + 66 = -5*c + 224. What are the prime factors of c?
2
Let u be 1/2*(-4)/(-1). Let i(p) = -p**3 + 2*p**2 + 3*p - 1. Let o be i(u). Suppose 15 = o*a - 20. List the prime factors of a.
7
Suppose -4*n + 70 = -50. List the prime factors of n.
2, 3, 5
Let z be 15/2*(-8)/6. Let y = 17 + z. What are the prime factors of y?
7
Suppose i = h + 3, 3 = -2*h + i + 2. Suppose -2*u = 2*u. Suppose 61 = 5*j - l, -3*j = -h*l - 31 - u. List the prime factors of j.
13
Let z(v) = -6*v**2 + 4*v**2 + 4*v + 8*v**3 - 1 - 2*v. What are the prime factors of z(1)?
7
Let d(t) = t**3 - 9*t**2 + 9*t - 29. What are the prime factors of d(10)?
7, 23
Let u = 3 + 1. List the prime factors of u/(0 - -2)*2.
2
Suppose -10*b + 1138 = 188. What are the prime factors of b?
5, 19
Let r(q) = q**3 - 4*q**2 + 3*q + 3. Suppose -2*f - 3*f = -15. List the prime factors of r(f).
3
Let u(t) = -2*t + 4 - 3 + 0 + 6*t**2 + t**2. List the prime factors of u(1).
2, 3
Let i = -32 - -40. What are the prime factors of i?
2
Let l(q) = -q**2 + 5*q + 1. Let v be l(4). Let f(w) = -w**2 + 6*w + 3. List the prime factors of f(v).
2
Let q(v) be the second derivative of -5/12*v**4 + 2/3*v**3 + 0*v**2 - v - 1/20*v**5 + 0. What are the prime factors of q(-6)?
2, 3
Suppose -6*v + 4*v = 42. Let m = -13 - v. List the prime factors of m.
2
Let i = 8 + -3. Suppose i*z = -0*z + 130. Suppose -5*g + 36 = -g - 4*p, -3*g + 4*p = -z. What are the prime factors of g?
2, 5
Suppose -c + 31 + 75 = 5*i, 4*i = -2*c + 182. What are the prime factors of c?
3
Let r = -3 - -5. Let i = -1 + r. What are the prime factors of i - -6 - 0 - -1?
2
Let w(c) = 6*c - 1. Suppose -2*p + 5*p = 3, 0 = 3*h - 5*p - 4. What are the prime factors of w(h)?
17
List the prime factors of (-3 + 36 - -1)*(-5)/(-10).
17
Let u(w) = 4*w**2 + 3*w - 4. Suppose 4*k + 16 = 4. What are the prime factors of u(k)?
23
Suppose g + 33 + 12 = 0. List the prime factors of (1 + 0)/((-5)/g).
3
List the prime factors of (-2)/(-1) - (-22 - 1).
5
Suppose 0 = -0*h + h + 2. Let k be -2 - (2 + h - 0). Let x(v) = v**2 - v - 2. List the prime factors of x(k).
2
Let u(q) = q + 50.